 is -3 + -303022?
-303030
In base 9, what is 366170 + 3?
366173
In base 14, what is -40c5 - -1?
-40c4
In base 11, what is 0 - -133388?
133388
In base 14, what is -5 - -17880?
17879
In base 15, what is 1b4 + 9?
1bd
In base 6, what is -3 - -122352?
122345
In base 15, what is -327 - 2d5?
-60c
In base 16, what is -46 + 17b3?
176d
In base 16, what is 7119 - -5?
711e
In base 9, what is 5414 - -10?
5424
In base 14, what is -9b + -c0?
-17b
In base 16, what is -46 - 79?
-bf
In base 8, what is -317 - 103?
-422
In base 11, what is -a25a2 + 4?
-a2599
In base 2, what is 10100010100110110 + -100?
10100010100110010
In base 14, what is 20 - 672b?
-670b
In base 5, what is -23024 + -30?
-23104
In base 3, what is 10 - 12201000222?
-12201000212
In base 10, what is -25 + -1195?
-1220
In base 4, what is 13 + -12321212?
-12321133
In base 14, what is 1 - 1382?
-1381
In base 14, what is -1626 - -110?
-1516
In base 12, what is 15008 + 2?
1500a
In base 9, what is 3208 - 8?
3200
In base 7, what is -21 - -52441?
52420
In base 3, what is 0 - -1220110100?
1220110100
In base 6, what is -1052423 + 34?
-1052345
In base 8, what is -30304 + -6?
-30312
In base 11, what is -298 - 4?
-2a1
In base 3, what is -202220020 + 1?
-202220012
In base 9, what is -644574 + 2?
-644572
In base 7, what is 61 - -1316?
1410
In base 11, what is 173 + -314?
-151
In base 4, what is -130 + -10101020?
-10101210
In base 7, what is 122 + 56?
211
In base 8, what is 717211 - 1?
717210
In base 16, what is 16b2 - 6?
16ac
In base 9, what is 34 - 370?
-335
In base 14, what is 4dcb - -11?
4ddc
In base 3, what is 12 + -102122202?
-102122120
In base 6, what is 221234 + 2?
221240
In base 16, what is ecf1 + 1d?
ed0e
In base 12, what is 6 + 116a9?
116b3
In base 16, what is -4 - -6fbd?
6fb9
In base 13, what is -5 - -1530?
1528
In base 11, what is -19437a0 + 4?
-1943797
In base 11, what is -2 - 49a74?
-49a76
In base 2, what is 101010001 - 11000000?
10010001
In base 12, what is -9293 - 33?
-9306
In base 14, what is -329 + 2d5?
-34
In base 3, what is 12 - 2020120102221?
-2020120102202
In base 8, what is 10 + -103460?
-103450
In base 3, what is -10100101012 - 12?
-10100101101
In base 13, what is 4 - 518ca?
-518c6
In base 8, what is 254 + -26776?
-26522
In base 2, what is -11000011010010 - -101?
-11000011001101
In base 2, what is -100101001101 + -1000010101?
-101101100010
In base 2, what is -1010 + 111011100110100?
111011100101010
In base 9, what is 4 + 108355?
108360
In base 9, what is -116070 - -31?
-116038
In base 16, what is -628e0 + -3?
-628e3
In base 4, what is 11 + -30033102?
-30033031
In base 12, what is -4 + 62?
5a
In base 2, what is 11 - 11011011100011?
-11011011100000
In base 6, what is -3 - -524451?
524444
In base 6, what is 3 - -45014515?
45014522
In base 8, what is 2025 - -237?
2264
In base 2, what is 101 + 10111110010101?
10111110011010
In base 4, what is 1011320 - -1031?
1013011
In base 9, what is -2 - 12071?
-12073
In base 10, what is 3 - -11098?
11101
In base 6, what is 203 + -21?
142
In base 11, what is 4 - 7a31?
-7a28
In base 7, what is -102 - 121141?
-121243
In base 14, what is -34855a - -5?
-348555
In base 12, what is -81640 + 1?
-8163b
In base 13, what is 15225 - 0?
15225
In base 8, what is 3 - 31564?
-31561
In base 3, what is 202122001 + -2?
202121222
In base 12, what is -112a4 + -12?
-112b6
In base 4, what is 2102232321 - 2?
2102232313
In base 7, what is -104163 - -11?
-104152
In base 13, what is 865 - -1?
866
In base 10, what is 937 - 11?
926
In base 4, what is 110213 - -231?
111110
In base 2, what is 1000000000111 - -1100?
1000000010011
In base 11, what is 7aa - -aa4?
17a3
In base 11, what is 38 - 33a?
-302
In base 5, what is 1011000014 - 3?
1011000011
In base 4, what is -20 + -11132?
-11212
In base 4, what is -1131132312 - -1?
-1131132311
In base 3, what is -11 + -202101221111?
-202101221122
In base 10, what is -12931 - -3?
-12928
In base 2, what is 10111 + 111110011011110?
111110011110101
In base 14, what is -383 + 84?
-2dd
In base 8, what is 104212 - -33?
104245
In base 4, what is -1 + 2021100?
2021033
In base 2, what is 1011 - 11010110001100000?
-11010110001010101
In base 12, what is 16 - 266b?
-2655
In base 12, what is -1a486 - 29?
-1a4b3
In base 16, what is 466 + -22?
444
In base 7, what is -211244 + 3?
-211241
In base 12, what is 122 - -175?
297
In base 14, what is -145 + 9a7?
862
In base 9, what is -676 - -38?
-637
In base 7, what is 613432 + -24?
613405
In base 12, what is -2a + 3643?
3615
In base 4, what is -100 + 1020303?
1020203
In base 16, what is -2 + -1361a?
-1361c
In base 8, what is 21 + 26231?
26252
In base 4, what is -10 - -1013032?
1013022
In base 5, what is 224 - -122230?
123004
In base 14, what is -5 + 8b394?
8b38d
In base 2, what is 10010101011 - 100010?
10010001001
In base 12, what is 14 - 84?
-70
In base 11, what is -2791 - -6?
-2786
In base 7, what is 51 + 1512?
1563
In base 6, what is 13104231 - -4?
13104235
In base 10, what is -3936 + 13?
-3923
In base 7, what is 552 + -305?
244
In base 14, what is -5 + 13a388?
13a383
In base 9, what is 202 + 5438?
5641
In base 16, what is -1053 - -2?
-1051
In base 7, what is -142255 - -40?
-142215
In base 16, what is e + 2759?
2767
In base 4, what is -122320 + 300121?
111201
In base 4, what is -3 - 1000211133?
-1000211202
In base 16, what is 9830 - 4c?
97e4
In base 10, what is 5 - -11773?
11778
In base 5, what is 42243042 - -3?
42243100
In base 15, what is -44eb + -9?
-4505
In base 2, what is 0 - -110110100111000011?
110110100111000011
In base 10, what is 163 + 1598?
1761
In base 2, what is 1011101101110000100 - -101?
1011101101110001001
In base 5, what is -42023 - -3?
-42020
In base 4, what is 1321002 - -122?
1321130
In base 3, what is -21 - 12220021102?
-12220021200
In base 4, what is -10 + 2001113?
2001103
In base 13, what is 62 - b5?
-53
In base 3, what is 2020 + 111122020?
111201110
In base 3, what is -2 + -22221121?
-22221200
In base 5, what is -12400 - -12020?
-330
In base 8, what is -1 + 267427?
267426
In base 3, what is -2110101121 - -11?
-2110101110
In base 5, what is 1031 + -3104?
-2023
In base 5, what is 2 + 11342011?
11342013
In base 4, what is -130113 + 3?
-130110
In base 14, what is 1 - abd8?
-abd7
In base 7, what is 16630210 - 2?
16630205
In base 14, what is 421 - 4dd?
-bc
In base 13, what is 47 - 2c3?
-279
In base 15, what is -2 - -6668?
6666
In base 8, what is -313 + -352?
-665
In base 11, what is 156 - 132?
24
In base 12, what is 4569 + -29?
4540
In base 8, what is 16761 + -45?
16714
In base 2, what is -11 + 100111100000000?
100111011111101
In base 11, what is -a94 - -323?
-771
In base 8, what is 4456 - 4?
4452
In base 15, what is -4306 + -6?
-430c
In base 16, what is -89ef + 4?
-89eb
In base 7, what is -24361656 - -2?
-24361654
In base 6, what is 5512415 - -2?
5512421
In base 13, what is -5 - -3c3b?
3c36
In base 5, what is 131414100 + -10?
131414040
In base 8, what is 642 + 123?
765
In base 10, what is 18427 - 4?
18423
In base 5, what is 100230201 - 3?
100230143
In base 4, what is 10002201 + -113?
10002022
In base 4, what is 31120 + 3203?
100323
In base 14, what is c62d + 0?
c62d
In base 4, what is 12131 + -32231?
-20100
In base 2, what is 100 - 11101000100001111?
-11101000100001011
In base 6, what is 24235 - -2323?
31002
In base 7, what is 0 + 1231154?
1231154
In base 9, what is 86674 - 3?
86671
In base 3, what is -1010012022210 + -1?
-1010012022211
In base 6, what is 1 - -212024?
212025
In base 11, what is 18 - 2465?
-2448
In base 2, what is 100111 + 1101100?
10010011
In base 3, what is -1011 + 1112012020?
1112011002
In base 9, what is -2 - 160?
-162
In base 16, what is -aa + -de?
-188
In base 11, what is 5 - -80905?
8090a
In base 8, what is -3 + -2614153?
-2614156
In base 11, what is -10190 - 1?
-10191
In base 9, what is 7 + 1772?
1780
In base 4, what is 1100102 + 330?
1101032
In base 10, what is -1 + 1023557?
1023556
In base 8, what is -2 - 154636?
-154640
In base 4, what is 3323 - 1?
3322
In base 4, what is 1323201 + 10?
1323211
In base 7, what is 3061 - 6?
3052
In base 10, what is 1768 - 26?
1742
In base 8, what is 746 + -253?
473
In base 9, what is -8 - -331225?
331216
In base 16, what is -1 - -fe3?
fe2
In base 14, what is 5d + -12300?
-12281
In base 10, what is 10 + 15256?
15266
In base 9, what is -510